2 + 2*g + 12. Let r be b(3). Let m(a) = -13*a + 5*a - 8*a + 6 + a**2. What is the units digit of m(r)?
2
What is the tens digit of (140049/54)/(-57)*(-1 + 1 - 12)?
4
Let z(m) = 41*m**2 + 55*m - 1877. What is the units digit of z(20)?
3
Let u be 29288/72 + 8/36. Suppose -298 = -3*a + u. What is the tens digit of a?
3
Let b(f) = -f**2 - 13*f - 1. Let h be b(-13). Let d be (1 + h)/(2 - (1 - 1)). Suppose 0 = -8*t - d*t + 304. What is the units digit of t?
8
Let a(o) = -o**3 + 16*o**2 - 17*o + 35. Let h be a(15). What is the hundreds digit of (76/h)/(19/(475/2))?
1
Let k(o) = o**2 - 5*o + 15. Let g be k(6). What is the hundreds digit of 9384/g - (-30)/(-35)?
4
Let r(f) = 7*f + 37. Let h be (-2 + 0)/(4/(-4)) - -15. What is the units digit of r(h)?
6
What is the units digit of (-3251190)/(-319) + 8/33*(-24)/(-32)?
2
Suppose 0 = -l - 1, -4*t + 2*l + 3*l = -213. Suppose 3*o + 3*i = 51, i + i - t = -3*o. What is the hundreds digit of (o/4*10)/(2/6)?
1
Let y = 9764 - 513. Suppose -6*m + 17*m - y = 0. What is the tens digit of m?
4
Let n be (3/2)/(21/434). Suppose n = x + 29. What is the units digit of (-59)/(-2)*x*1?
9
Let c be (-36)/60*(-2 - 3). Suppose 0 = -3*h + 2*k + 2115 - 581, c*k + 2555 = 5*h. What is the tens digit of h?
0
Suppose -284959 = -104*p - 87151. What is the tens digit of p?
0
Suppose 22034 = 3*m + 1000*w - 1004*w, 3*m - 2*w - 22036 = 0. What is the tens digit of m?
4
Suppose -836 = -40*r + 38*r. Let v = r - 197. What is the tens digit of v?
2
Suppose -35685 + 491925 = 30*f. What is the tens digit of f?
0
Let o(n) be the third derivative of -5*n**4/4 - 65*n**3/6 + 22*n**2. What is the hundreds digit of o(-10)?
2
Let t = -7216 + 13539. What is the hundreds digit of t?
3
Let t(m) = -m**2 - 8*m - 5. Let o be t(-5). What is the units digit of (0 + o)*760/16?
5
Suppose 4*x - r = -756 + 10403, r = -5*x + 12043. What is the thousands digit of x?
2
Suppose -8 = -n - 2*k, 0*n + 4*k = 4*n + 16. Let s(h) = 8*h + 62. What is the units digit of s(n)?
2
Let h(q) = q**2 + 31*q - 33. Let u be h(-20). Let z = u - -526. What is the units digit of z?
3
Let q = 869 + -416. Suppose -d + q + 524 = 0. Suppose 8*z = d + 135. What is the tens digit of z?
3
Let t = -163 + 47. Let b = -44 - t. What is the tens digit of (b/(-42))/((-2)/56)?
4
Suppose -18 = -10*t + 4*t. Suppose 0 = -t*z - z + 8, -b + 4 = z. Suppose u = -u - 2*d + 212, -184 = -b*u + 5*d. What is the tens digit of u?
0
Suppose -3*p = p - 4. Let c(k) = 9*k - 4 - 23*k - p + 17*k + 5*k**2. What is the tens digit of c(5)?
3
Suppose 252*x = 254*x. Suppose 7*l - 406 + 119 = x. What is the units digit of l?
1
Suppose 0 = a + 8 + 6. Let v(w) be the first derivative of -w**4/4 - 5*w**3 - 9*w**2 + 22*w - 36. What is the tens digit of v(a)?
7
Let v(h) = -2*h**2 + 14*h + 11. Let w be v(7). What is the units digit of 3*w/(99/1200)?
0
Let b = 40 + -35. What is the hundreds digit of 6/((2/22)/(b/2))?
1
Let o(u) = -8*u**3 - 6*u**2 - 4*u. Let w be o(-5). Suppose -20 = 5*k, 3*p - 3*k - w = 996. What is the units digit of p?
8
Let r = 281 + -442. Let o = r - -242. What is the units digit of o?
1
Suppose -31*w + 29*w + 6 = 0. What is the hundreds digit of w - 636/((-12)/3)?
1
Suppose 210*v - 6622370 = -1181480. What is the ten thousands digit of v?
2
Let o be 2/(4/6 - 1496/2277). Suppose 211*b = o*b + 1440. What is the hundreds digit of b?
3
Suppose -587731 + 121221 = -64*a + 9*a. What is the thousands digit of a?
8
Suppose -2*f + 8 = -u - 7*f, 0 = 5*u + 4*f - 2. Suppose u*j - 138 = 302. Suppose 0 = -4*b - a - 64 + j, 3*b = -a + 117. What is the units digit of b?
9
What is the hundreds digit of (-14 - 1)/(-3) + (-1749 + -9)*-7?
3
Suppose 4*x - 98712 = -5*i, 124671 - 1419 = 5*x - 11*i. What is the thousands digit of x?
4
Suppose -h - f = -405, -5*h + 0*f + 2052 = -4*f. Suppose 0 = 5*i + 4*s - 740, 7*s - 132 = -i + 3*s. Let z = h - i. What is the tens digit of z?
5
Suppose -t = 3*w + w + 10, 2*w + 2*t = -8. Let d be 6/(w/12*9/(-2)). What is the tens digit of (-175)/(-4) + 2/d?
4
Suppose -g = l - 10965, -14*l + 12*l = 3*g - 32894. What is the hundreds digit of g?
9
Suppose -2*f + 211 = -2*a - 41, 6 = -2*a. Suppose -4*d + 557 + f = 0. Suppose -v - 2*z + 4*z = -d, -343 = -2*v + 5*z. What is the tens digit of v?
6
Let a = -4493 - -7534. What is the tens digit of a?
4
Let r = 40530 - 23617. What is the tens digit of r?
1
Let g(z) = z + 1. Let p be g(-1). Suppose b - 16 + 55 = p. What is the tens digit of (-2 - (b - 7)) + (0 - 4)?
4
Let g be ((-6)/9)/(1068/531 - 2). Let b = 51 + g. What is the tens digit of ((-261)/12)/(2/b)?
8
Let x be 0 + 2 - (12 + -13)*1. Suppose 453 = 2*u + 3*g, u + x*u + 2*g - 926 = 0. What is the tens digit of u?
3
Let n(i) be the third derivative of i**6/60 - 11*i**5/60 + 41*i**4/24 - 11*i**3/6 + 28*i**2 - 2*i. What is the hundreds digit of n(6)?
2
Let v(r) = 7*r**2 - 16*r - 127. Let f be v(-7). Let m = -45 + f. What is the hundreds digit of m?
2
Let n = -9003 + 16902. What is the hundreds digit of n?
8
Suppose -3*g + 5*c = -87927, 0 = 5*g - 3*c - 119860 - 26669. What is the units digit of g?
4
Let l(x) = x**3 + 45*x**2 + 77*x - 142. What is the units digit of l(-36)?
0
Let y(w) = 27633*w**3 + w**2 + 13*w - 12. What is the thousands digit of y(1)?
7
Let z = -3387 + 6684. What is the tens digit of z?
9
Suppose 172950 = -16*u + 46*u. What is the thousands digit of u?
5
Let t = 129 + -129. Suppose -3*n + 69 - 3 = t. What is the tens digit of n?
2
Suppose 0 = -18*d + 16*d + 2. Let m = -699 + 148. What is the hundreds digit of d*(0 + -7)*m/29?
1
Let y(d) = -d**3 - 17*d**2 - 19*d - 48. Let x be y(-16). Suppose 22*i - 2692 - 432 = x. What is the hundreds digit of i?
1
Let r be (-32)/(-6) - ((-78)/(-18) + -5). Let j be ((318/(-9))/(-1))/(r/(-9)). Let x = j - -229. What is the units digit of x?
6
Let b(h) = -h**3 + 8*h**2 - 9*h - 3. Let j be b(8). Let f = 78 + j. What is the hundreds digit of f/(-3 - (-1152)/381)?
1
Let c be ((-5)/(-4) - 0)*(-185 + 177). Let q(h) = -6*h - 36 - 6*h - h. What is the units digit of q(c)?
4
Let l(a) = 16*a**2 - 70*a + 403. What is the tens digit of l(-30)?
0
Suppose 6*y + 21 = -15. Let a(n) = 5*n**2 - 7. Let g be a(3). What is the tens digit of g*y/48*-24?
1
Let v be -298*((-35)/90 - 4/36). Let o = 502 - v. What is the units digit of o?
3
Let f(m) = 34*m + 355. Suppose 7*r + 31 = n + 4*r, -5*n = r - 75. What is the hundreds digit of f(n)?
8
Suppose -36649 = -2*t - 5*d - 13919, 0 = -2*t + d + 22694. What is the thousands digit of t?
1
Suppose -14*l = -186 - 150. Suppose 0 = 2*s + n - 3185, -5*s + 19*n + 7950 = l*n. What is the tens digit of s?
9
Let y(k) = -3*k**2 + 22*k - 19. Let r be y(6). Suppose -3*x - 900 = -r*o + 861, x - 1051 = -3*o. What is the hundreds digit of o?
3
Let l(v) = -v**2 + 25. Let s be l(-5). Suppose 5*u = -d + 20, -2*u + 2*d = -20 - s. Suppose -1989 = -u*y - 8*y. What is the tens digit of y?
5
Suppose w + 19 = -g, -w + 5 = -4*g - 1. Let c(t) = -t**3 - 14*t**2 - t - 26. Let p be c(w). What is the hundreds digit of -4*3*122/p?
1
Let m be (6/5 - -2)/(32/22160). Let q = -1247 + m. What is the tens digit of q?
6
Let p be (-2)/((-6)/15) - (-2)/(-2). Suppose -5*m + 166 = -3*m + 4*w, 0 = -3*m - p*w + 245. What is the units digit of m?
9
Let a be 21/((-12)/14 + 2/(-14)). What is the tens digit of (-4768)/(-7) + 3/a?
8
Let s be 7/(-5) + (16/(-20))/(-2). What is the hundreds digit of ((s - 0)*10)/((-128)/3648)?
2
Let w(r) = -36*r**3 + 3*r**2 + r + 7. Suppose 17 = 3*z + 26. What is the hundreds digit of w(z)?
0
Let n(r) = 5*r**2 - 4*r - 7. Let v(p) = -11*p**2 + 8*p + 13. Let k(u) = -11*n(u) - 6*v(u). Let y be k(-1). Suppose 6*d = -d + y. What is the units digit of d?
2
Suppose 0*m = 4*m - 2*v - 110, -5*m - 5*v + 115 = 0. Let z = m + -19. Suppose -5*n + z - 2 = 0, -4*n = 5*p - 329. What is the tens digit of p?
6
Suppose -290 = -l - 5*i, 4*i = -5*l + 6*i + 1531. What is the hundreds digit of -6 - (7 - (2 - -3) - l)?
2
Let z(x) = -4*x**2 + 4*x - 6. Let t be z(5). Let u = t - -93. Suppose -1212 = w - u*w. What is the units digit of w?
2
Let n(r) = 424*r**2 - 616*r**2 + 406*r**2 - 2*r + 1. What is the hundreds digit of n(1)?
2
Let j(p) = 18*p**2 - 140*p - 2070. What is the thousands digit of j(-15)?
4
Let q(s) = 90*s**3 - 3*s**2 - s. Let g be q(-2). Let k = 1962 + g. Suppose